7745 composite?
True
Is 3607848499 a composite number?
True
Is 5953233239 prime?
False
Is 7966567093 a prime number?
False
Is 60086457997 composite?
True
Is 6251103931 prime?
True
Is 162112858 a prime number?
False
Is 5132680781 prime?
True
Is 66949694191 a prime number?
False
Is 1290387893 composite?
True
Is 29204464391 a composite number?
False
Is 813966787 composite?
False
Is 48246868333 composite?
True
Is 34177634333 composite?
True
Is 167486497 a composite number?
True
Is 749836249 a prime number?
False
Is 3946189777 composite?
True
Is 2363082469 a composite number?
True
Is 40624681 a prime number?
False
Is 1776420069 composite?
True
Is 14401459151 a prime number?
True
Is 28091882461 a prime number?
False
Is 24270394 composite?
True
Is 12697289489 a prime number?
True
Is 8717015633 composite?
True
Is 24752272247 composite?
True
Is 101997378283 a prime number?
False
Is 33126853 a prime number?
False
Is 6552174001 a composite number?
False
Is 6271115029 a prime number?
False
Is 994493443 composite?
True
Is 419884441 a composite number?
False
Is 442438943 a prime number?
True
Is 1950578591 a composite number?
True
Is 2819456921 composite?
False
Is 855551902 a composite number?
True
Is 1029638903 a composite number?
True
Is 194471209 a composite number?
True
Is 5912623867 a prime number?
True
Is 527220989 prime?
True
Is 763131937 composite?
False
Is 380612503 prime?
False
Is 2138339657 composite?
False
Is 69823304423 a composite number?
True
Is 59602051303 a prime number?
False
Is 5121026315 a composite number?
True
Is 9587701909 prime?
True
Is 15522842479 a prime number?
True
Is 16150409929 composite?
True
Is 5521189857 a prime number?
False
Is 8873890307 a composite number?
False
Is 7263368617 prime?
True
Is 44392979249 composite?
False
Is 1319266119 composite?
True
Is 76966752853 a composite number?
True
Is 5050427917 a prime number?
False
Is 5573742707 composite?
True
Is 37153721909 prime?
True
Is 334610981 a prime number?
False
Is 14724949357 a prime number?
False
Is 1070258045 composite?
True
Is 8038243769 composite?
True
Is 6615595367 a prime number?
True
Is 15657542182 a prime number?
False
Is 2167824299 a prime number?
True
Is 3447185087 a prime number?
True
Is 1009131293 a prime number?
True
Is 5317507703 composite?
True
Is 18372126239 prime?
False
Is 57000741227 a prime number?
False
Is 48725483629 prime?
False
Is 21540832793 a prime number?
True
Is 183551503 a prime number?
True
Is 25477991206 a prime number?
False
Is 1865552699 prime?
False
Is 30513529 composite?
False
Is 35868397541 composite?
True
Is 34295045537 composite?
True
Is 5509024881 a composite number?
True
Is 110595633 a prime number?
False
Is 8074438135 a composite number?
True
Is 11736835283 prime?
True
Is 52071132301 a composite number?
True
Is 65704312189 prime?
False
Is 3451477483 prime?
True
Is 6913201993 a prime number?
True
Is 49684919201 prime?
True
Is 16641233341 a prime number?
True
Is 247881889 prime?
False
Is 20918759149 a prime number?
False
Is 1946270981 a composite number?
True
Is 24084116921 composite?
True
Is 10423836869 prime?
True
Is 6017289802 a prime number?
False
Is 5557112357 prime?
True
Is 42099845093 a prime number?
False
Is 671288011 composite?
False
Is 621890647 a composite number?
True
Is 365424972563 composite?
True
Is 9352568833 a composite number?
False
Is 1323004637 a prime number?
False
Is 105938528867 a composite number?
False
Is 2709579193 a composite number?
True
Is 58182261479 prime?
False
Is 3035355799 a composite number?
True
Is 2998174258 composite?
True
Is 4148502697 a prime number?
True
Is 1197009991 composite?
False
Is 249309517 a composite number?
False
Is 536989093 a composite number?
True
Is 18131847053 a prime number?
False
Is 1088469167 a prime number?
False
Is 125384003 composite?
False
Is 13740335831 composite?
True
Is 132233737 a prime number?
False
Is 423518353 a prime number?
True
Is 12780576287 composite?
False
Is 73901990671 prime?
False
Is 27606567061 composite?
True
Is 23128735103 prime?
True
Is 7258488413 a composite number?
True
Is 563365157 prime?
True
Is 158500517 a composite number?
True
Is 18959696671 a prime number?
True
Is 13470356009 a composite number?
True
Is 81978143045 composite?
True
Is 21245086211 prime?
True
Is 999538721 prime?
False
Is 49032667 prime?
False
Is 1757831789 composite?
True
Is 28650376343 a prime number?
True
Is 318343451 composite?
False
Is 34372623451 a composite number?
True
Is 572983051 a prime number?
False
Is 451548107 a prime number?
True
Is 9001678519 composite?
False
Is 4680914951 prime?
True
Is 670771469 a composite number?
False
Is 10338122617 composite?
False
Is 1663297723 composite?
False
Is 6845578133 composite?
True
Is 2598890023 a prime number?
False
Is 1241683013 composite?
True
Is 17928333259 a prime number?
True
Is 116140908421 prime?
True
Is 585756137 prime?
True
Is 1313211131 a composite number?
False
Is 1867702547 prime?
True
Is 2374117589 a prime number?
True
Is 984909521 prime?
False
Is 163490377 a prime number?
False
Is 1672718449 composite?
True
Is 5427665273 a composite number?
True
Is 2475959327 a prime number?
True
Is 137858585297 a composite number?
False
Is 3260207413 a prime number?
True
Is 459975379 composite?
True
Is 19616373071 a composite number?
False
Is 6541069273 a prime number?
True
Is 257987579 a composite number?
True
Is 93283207729 a prime number?
True
Is 3311482327 a composite number?
True
Is 20608735687 prime?
False
Is 10248880847 composite?
False
Is 24424462653 prime?
False
Is 5297577707 a composite number?
False
Is 50731525903 prime?
True
Is 160377641 composite?
True
Is 340163 composite?
True
Is 80772658649 a composite number?
True
Is 2180550761 composite?
True
Is 34055883349 prime?
False
Is 2153055893 a prime number?
True
Is 1119328667 a prime number?
True
Is 757034335 a composite number?
True
Is 234413266 prime?
False
Is 9706686289 composite?
False
Is 12342753607 composite?
False
Is 11554257307 prime?
True
Is 31771642043 a prime number?
False
Is 13537646593 composite?
False
Is 2432302979 a prime number?
True
Is 1650495611 a prime number?
False
Is 158993269 a prime number?
False
Is 1960866767 composite?
True
Is 982699953 composite?
True
Is 89158635017 composite?
False
Is 9217511543 prime?
True
Is 111862001 composite?
False
Is 9041128843 a prime number?
False
Is 167447713 prime?
True
Is 268407135649 composite?
True
Is 45795563017 a prime number?
True
Is 6797477 a composite number?
False
Is 2522816323 composite?
False
Is 757444351 a prime number?
True
Is 7145590867 composite?
False
Is 1569982361 composite?
False
Is 753258001 prime?
True
Is 12971108581 a prime number?
True
Is 1174739483 composite?
False
Is 5375811101 a prime number?
False
Is 14140286311 a composite number?
True
Is 130626739 a prime number?
False
Is 279517363 prime?
True
Is 53621691119 a prime number?
False
Is 3835883845 a composite number?
True
Is 142732501567 a prime number?
False
Is 829125823 a prime number?
True
Is 1370431831 a composite number?
False
Is 10166770331 a prime number?
True
Is 2187956513 composite?
True
Is 3851094461 a prime number?
True
Is 14662068739 composite?
True
Is 2290247 a composite number?
True
Is 91729877 a composite number?
True
Is 90962627887 composite?
False
Is 2112206911 composite?
True
Is 558302273 prime?
True
Is 7350825211 composite?
True
Is 5895960643 a composite number?
False
Is 53049160481 a prime number?
True
Is 87140737211 composite?
True
Is 12256710007 a prime number?
True
Is 192882499 composite?
True
Is 1280604785 a composite number?
True
Is 1593002711 prime?
True
Is 87887034443 prime?
False
Is 41698319849 a prime number?
True
Is 216159639931 a prime number?
True
Is 583479397 composite?
False
Is 4569010687 composite?
False
Is 64083342971 a composite number?
False
Is 1678769263 a prime number?
False
Is 1041968243 prime?
True
Is 184173361 a composite number?
True
Is 1237230227 composite?
True
Is 11417064427 a composite number?
False
Is 565815727 a prime number?
False
Is 873630617 composite?
False
Is 4229411629 prime?
True
Is 15035034211 prime?
True
Is 283558889 a composite number?
True
Is 176787333917 a prime number?
True
Is 34592777093 a composite number?
True
Is 18606631939 a composite number?
True
Is 3921289399 composite?
True